0010010
Convert 1392a (base 11) to base 8.
46453
Convert -38c1 (base 13) to base 12.
-4830
What is -3144 (base 7) in base 12?
-786
Convert -22af (base 16) to base 5.
-241004
Convert -1b69 (base 13) to base 4.
-1000233
What is 110000100010100 (base 2) in base 6?
311020
13301 (base 5) to base 15
4bb
Convert -20120 (base 3) to base 16.
-b1
What is -171 (base 16) in base 10?
-369
What is a23 (base 16) in base 15?
b80
What is -2661 (base 9) in base 5?
-30444
-1462 (base 7) to base 6
-2411
Convert 101012221 (base 3) to base 11.
5663
Convert 2ad5 (base 16) to base 3.
120001010
Convert 20340 (base 8) to base 6.
102544
What is -49d (base 15) in base 3?
-1102211
Convert 233 (base 10) to base 2.
11101001
Convert -445 (base 13) to base 11.
-607
Convert 3103 (base 6) to base 15.
30c
Convert 498 (base 14) to base 9.
1230
Convert 113 (base 13) to base 8.
271
Convert 410 (base 11) to base 9.
610
-70 (base 10) to base 15
-4a
Convert 233 (base 5) to base 2.
1000100
Convert 10323110 (base 4) to base 14.
74d6
What is -320315 (base 6) in base 10?
-26039
What is 3323 (base 8) in base 16?
6d3
Convert -373d (base 16) to base 15.
-42cb
Convert -d0c (base 16) to base 8.
-6414
-3666 (base 11) to base 3
-20120110
What is 478 (base 11) in base 10?
569
141251 (base 8) to base 11
34493
What is -253042 (base 6) in base 9?
-34128
Convert -1011111000 (base 2) to base 3.
-1001011
Convert -101002 (base 3) to base 8.
-420
What is -1055550 (base 6) in base 16?
-d49a
-330 (base 8) to base 13
-138
What is -105 (base 11) in base 12?
-a6
7667 (base 10) to base 4
1313303
Convert 230500 (base 6) to base 16.
4ca4
-14205 (base 7) to base 5
-111001
What is -7b4 (base 12) in base 2?
-10001111000
-3796 (base 12) to base 9
-8576
What is -1d2 (base 14) in base 8?
-574
4413 (base 5) to base 12
428
Convert -21561 (base 9) to base 8.
-33747
What is -153221 (base 8) in base 10?
-54929
What is 345122 (base 7) in base 15?
134a5
Convert 22435 (base 9) to base 7.
61355
What is 4085 (base 13) in base 3?
110012112
What is -344 (base 7) in base 16?
-b3
What is 3430 (base 5) in base 12?
34a
